{"id":51,"date":"2013-01-31T18:35:33","date_gmt":"2013-01-31T17:35:33","guid":{"rendered":"http:\/\/www.s1138046-4299.crystone.net\/?page_id=51"},"modified":"2021-03-09T12:22:36","modified_gmt":"2021-03-09T11:22:36","slug":"test","status":"publish","type":"page","link":"https:\/\/www.agmurochputs.se\/","title":{"rendered":"V\u00e4lkommen till AG Mur och Puts!"},"content":{"rendered":"<p>AG Mur och Puts startades 2012 och \u00e4r ett f\u00f6retag verksamt inom byggsektorn. Vi har v\u00e5rt s\u00e4te i Malm\u00f6 och utf\u00f6r alla typer av murning och putsning, prim\u00e4rt i s\u00f6dra Sk\u00e5ne.<\/p>\n<p>Vi \u00e4r murare med h\u00f6g kompetens och vi utf\u00f6r v\u00e5ra uppdrag med h\u00f6g kvalitet och med fokus p\u00e5 att uppfylla v\u00e5ra kunders behov och f\u00f6rv\u00e4ntningar. Vi har omfattande erfarenhet av att arbeta med traditionella hantverksmetoder och material.<\/p>\n<p>Utnyttja ROT-avdraget \u2013 L\u00e4s mer p\u00e5 <a title=\"ROT-avdrag\" href=\"http:\/\/www.skatteverket.se\/privat\/skatter\/fastigheterbostad\/husarbete.4.2e56d4ba1202f95012080002966.html\">Skatteverkets<\/a> hemsida om ROT-avdrag.<\/p>\n<p>Vi \u00e4r godk\u00e4nda f\u00f6r F-skatt.<\/p>\n","protected":false},"excerpt":{"rendered":"<p>AG Mur och Puts startades 2012 och \u00e4r ett f\u00f6retag verksamt inom byggsektorn. Vi har v\u00e5rt s\u00e4te i Malm\u00f6 och utf\u00f6r alla typer av murning och putsning, prim\u00e4rt i s\u00f6dra Sk\u00e5ne. Vi \u00e4r murare med h\u00f6g kompetens och vi utf\u00f6r &hellip; <a href=\"https:\/\/www.agmurochputs.se\/\">Forts\u00e4tt l\u00e4sa <span class=\"meta-nav\">&rarr;<\/span><\/a><\/p>\n","protected":false},"author":2,"featured_media":0,"parent":0,"menu_order":1,"comment_status":"closed","ping_status":"closed","template":"","meta":{"footnotes":""},"class_list":["post-51","page","type-page","status-publish","hentry"],"_links":{"self":[{"href":"https:\/\/www.agmurochputs.se\/index.php?rest_route=\/wp\/v2\/pages\/51","targetHints":{"allow":["GET"]}}],"collection":[{"href":"https:\/\/www.agmurochputs.se\/index.php?rest_route=\/wp\/v2\/pages"}],"about":[{"href":"https:\/\/www.agmurochputs.se\/index.php?rest_route=\/wp\/v2\/types\/page"}],"author":[{"embeddable":true,"href":"https:\/\/www.agmurochputs.se\/index.php?rest_route=\/wp\/v2\/users\/2"}],"replies":[{"embeddable":true,"href":"https:\/\/www.agmurochputs.se\/index.php?rest_route=%2Fwp%2Fv2%2Fcomments&post=51"}],"version-history":[{"count":41,"href":"https:\/\/www.agmurochputs.se\/index.php?rest_route=\/wp\/v2\/pages\/51\/revisions"}],"predecessor-version":[{"id":289,"href":"https:\/\/www.agmurochputs.se\/index.php?rest_route=\/wp\/v2\/pages\/51\/revisions\/289"}],"wp:attachment":[{"href":"https:\/\/www.agmurochputs.se\/index.php?rest_route=%2Fwp%2Fv2%2Fmedia&parent=51"}],"curies":[{"name":"wp","href":"https:\/\/api.w.org\/{rel}","templated":true}]}}